e 12/2 + -1 + -2. Suppose -29 = -x*h + 85. Suppose -4*w = -5*g - h, -g = -2*w + 2*g + 18. What is the tens digit of w?
1
What is the units digit of 4/10 + ((-234936)/30)/(-12)?
3
Let c = -86 + 212. What is the units digit of c?
6
Let t(f) = 4*f - 5. Let q be t(6). Let u = 1 + q. Let g = 36 - u. What is the units digit of g?
6
Let c(t) = 59*t + 7. Let s = 107 + -105. What is the hundreds digit of c(s)?
1
Let p = -511 - -743. What is the hundreds digit of p?
2
Let r = 2763 - -375. What is the thousands digit of r?
3
Let a be 140/(-8)*(-48 - -4). What is the units digit of 2/(-8) - 0 - a/(-8)?
6
What is the units digit of (-4 - -3)/(((-27)/(-78))/(-9))?
6
Suppose -3*g - 12 = 2*f - 81, g + f = 23. What is the tens digit of g?
2
Let q(f) = f**2 + 9*f - 3. Let s be q(-10). Suppose -3*i = -s - 23. Let y = i + 3. What is the tens digit of y?
1
Let s(l) = -29*l + 97. What is the hundreds digit of s(-22)?
7
Let g = -29 + 34. Suppose 3*t - 209 = -5*q, 2*q + t = g*q - 117. What is the tens digit of q?
4
Let v(j) = -34*j**2 + 7*j. Let k be v(3). Let t = -158 - k. Suppose t = 4*q + 47. What is the units digit of q?
0
Suppose 2*g - 2145 = 4*l - 9025, l + 5*g = 1709. What is the thousands digit of l?
1
Suppose -4*j - 15922 = -2*r - 4404, j - 28839 = -5*r. What is the hundreds digit of r?
7
Suppose 0 = 3*x + 20 + 61. What is the units digit of 45/x*18/(-5)?
6
Suppose l = 3*l - 4*t - 120, -5*t = 2*l - 93. Let h be ((-4)/3)/((-2)/(-42)). Let u = l + h. What is the tens digit of u?
2
Let k(t) = 3*t**2 + 23*t + 29. What is the hundreds digit of k(-11)?
1
Let d(q) = 7*q + 7. Let k be d(4). What is the tens digit of (k/10)/(1/12)?
4
Let z(k) = k**3 + 9*k**2 + 9*k + 12. Let w be z(-8). Let r be ((-6)/w)/(9/(-12)). What is the tens digit of r - (-31 - (-3)/1)?
3
What is the hundreds digit of 624/((70/(-245))/((-3)/7))?
9
Let d = 3036 + -1366. What is the hundreds digit of d?
6
Let r = -18 - -51. Let n be 126/r + 2/11. Suppose -4*o = -2*p - 2, -3*p + n = -3*o - 5. What is the units digit of p?
7
Suppose 154 = 4*w - 5*p + 37, 5*w - 137 = -3*p. What is the units digit of w?
8
Suppose 3*m = 4*j + 2081, 3*m + j - 1925 = 131. What is the tens digit of m?
8
Suppose -5*d = -4*d - 42. Suppose 4*i + 11 = 2*q + 47, 0 = 2*q - i + d. What is the tens digit of 12/66 + (-678)/q?
3
Let x = 33 + -78. Suppose r - 108 = 7*r. What is the units digit of (56/10)/(r/x)?
4
Suppose -15*f = 19*f - 17068. What is the units digit of f?
2
What is the tens digit of (-5 - (-1312)/(-24))*15/(-5)?
7
What is the tens digit of 2 - 0/(-1) - (-372 + -1)?
7
Let f(c) = -9*c - 340. What is the tens digit of f(-70)?
9
Suppose 7 = -0*y - y. Let u(i) = i**3 + 9*i**2 - 4*i - 3. What is the units digit of u(y)?
3
Suppose 2*u + 2 = 3*i - 5, u - 4*i = -11. What is the units digit of (-11)/u*(3 + -4)?
1
Let v(q) = -4*q + 3*q - 2*q - 13*q - 2. Let n = 12 + -13. What is the tens digit of v(n)?
1
Let v(a) be the third derivative of 3*a**5/20 + 5*a**4/8 + 5*a**3/6 + 47*a**2. What is the hundreds digit of v(-6)?
2
Let b = -4 - -7. Let w(d) = -6 - 5*d**2 + 2 - 33*d**3 + 34*d**b + 8*d. What is the units digit of w(4)?
2
Let g = -29 + 31. Suppose y + y - 4*n - 84 = 0, 5*y + g*n = 270. What is the units digit of y?
2
Suppose 0 = -2*g - 2*g + 12, 3*d - 3*g - 246 = 0. Let s = 1 - d. What is the tens digit of 6/(-14) + (-3648)/s?
4
What is the units digit of -2683*(-1 + -1 - -1)?
3
Let t = 330 + 567. What is the units digit of t?
7
Suppose 3*d + 6 = 0, -15 = -3*q + 2*d - 2. Suppose -573 = -3*o - 4*r, -5*r - 102 = -q*o + 444. What is the hundreds digit of o?
1
What is the units digit of (-13)/(5 - 9276/1854)?
7
Let x(q) = -q + 2. Let o be x(2). Suppose w + 5*i - 30 = o, 5*w - i = -3 + 23. Suppose 80 = w*f + 5. What is the tens digit of f?
1
Let k = 20 - 13. Suppose -k*m = 151 + 45. What is the units digit of m/7 - -1*38?
4
Let z = 564 + 773. What is the units digit of z/28 - (-4)/16?
8
Let f(i) be the second derivative of -i**5/20 + 17*i**4/12 + 17*i**3/6 + 8*i**2 - 3*i + 1. What is the hundreds digit of f(17)?
3
Suppose -4*h = 8 - 56. Let k = 15 - h. Suppose -k = 3*z + 2*y, -2*z - y = -5*y - 14. What is the units digit of z?
1
Let s = -1179 + 1661. What is the units digit of s?
2
Let a = -170 - -319. What is the tens digit of a?
4
Let z = -35 + 35. Suppose 3*a + o = 104, 2*a + o + z*o - 71 = 0. What is the units digit of a?
3
Suppose 0*a - 2*a = -d - 449, -4*a = -5*d - 913. Suppose -2*n = -2*c - 2*c + 188, 5*c - a = -4*n. What is the tens digit of c?
4
Suppose -12505 = -38*t + 27281. What is the tens digit of t?
4
Suppose -4*l + 19 = 5*m, -5*l = -m - 2*m - 33. What is the units digit of (-9)/27 - (-512)/l?
5
Suppose v + 5*q + 75 = -3*v, 42 = -3*v + q. Let s = 16 + v. What is the tens digit of s - (4 - (3 - -25))?
2
Let z = 7 - 7. Suppose -c - 3*c + 8 = z. Suppose c*q - 53 = -15. What is the tens digit of q?
1
Let t = 16 - 9. Suppose -7 = -k + t. Suppose -2*u + 48 = -k. What is the tens digit of u?
3
Let s = 72 - -111. What is the tens digit of s?
8
Let f(v) = -v**3 - 12*v**2 - 18*v + 22. Let u be f(-10). Suppose -5*r = -5*o + 445, -2*r - 181 = -u*o + r. What is the tens digit of o?
8
Let y(v) = v**2 - 17*v - 11. Let u = 4 + 15. What is the tens digit of y(u)?
2
Let r(x) = -x - 4. Let f be r(-7). Let n(p) = -4 + 4 - f + 4*p + 21. What is the tens digit of n(11)?
6
Suppose 0 = -4*w - 8, -2*n + 4*n = -w - 2. Suppose n = 13*r - 11*r - 2. What is the units digit of r?
1
Let b = -1620 - -2428. What is the hundreds digit of b?
8
Let g = -10 - -10. Suppose g = -10*z + 6*z + 320. Suppose -3*w + z = w. What is the units digit of w?
0
Suppose 5*j = -3*m + 1334 + 753, 5*m - 20 = 0. What is the units digit of j?
5
Suppose -18 = 4*m - 70. Suppose j + 5*p + m = 2*j, 19 = j - 2*p. What is the tens digit of j?
2
Let g(v) = 6*v**3 + 3*v**2 - 4*v + 2. Let k be g(1). Suppose -984 = -k*u - 67. What is the tens digit of u?
3
Let f(u) = 62*u - 193. What is the hundreds digit of f(16)?
7
Let q(p) = p**3 - 15*p**2 + 5*p + 23. What is the units digit of q(15)?
8
Let l(b) = -644*b + 1. What is the units digit of l(-1)?
5
Suppose v = 2*i + 12, 3*v + 5*i + 6 = -13. Let c be v/2 - (-3 - -2). Let f = c - -6. What is the units digit of f?
8
Suppose -403*r - 18135 = -416*r. What is the tens digit of r?
9
Let n = 21 + -20. Let i be (45 + -1)*(0 - n). What is the tens digit of 33/i*(1 - 25)?
1
Suppose 0 = -3*g + x + 20 - 7, -2*x + 29 = 5*g. Suppose -f - 308 = -5*j, g*f = 7 - 22. What is the tens digit of j?
6
Let t be 1/5*-1 - (-468)/65. What is the tens digit of (t/(-14) + 2)*796/6?
9
Let w(g) = -g**3 - 7*g**2 + 2*g + 14. Let q be w(-7). Suppose 2*h + q - 8 = 0, -5*x + 99 = h. What is the tens digit of x?
1
What is the thousands digit of 6 - (1 + (-8 - 1952))?
1
Let j(r) = 553*r**3 - 4*r + 3. What is the tens digit of j(1)?
5
Let j = -24 - -80. Let m = j + -6. Suppose 3*u = 2*u + m. What is the units digit of u?
0
Let n(t) = 2*t + 12. Let c be n(0). Let x be (140/6)/(8/c). Suppose -x = -2*k + k. What is the units digit of k?
5
Suppose -5*d - 21 = 39. Let b be ((-10)/6)/(4/d). Suppose -z + 95 = 3*t, -b*z = -3*t + 5*t - 59. What is the units digit of t?
2
Let h(q) = 58*q + 524. What is the hundreds digit of h(20)?
6
Let z(f) = 10*f - 8. Let n be z(-6). Let h be 14/21 + n/(-6). What is the units digit of (-32)/h*(-12)/4?
8
Suppose 3*u + 9 = z, z - 6*z - 5*u - 15 = 0. Suppose z = -3*t + 7*t - b - 359, 0 = 4*t + 5*b - 341. What is the tens digit of t?
8
Let i(g) = g**3 - 5*g**2 - 5*g - 1. Let n be i(6). Let x = -8 + n. What is the units digit of 5 - (3 + x)/2?
5
Suppose 0 = 3*c + 4*v + 35, 0 = 5*c - 2*v - 3*v + 35. Suppose 28 = -0*h + 2*h. Let t = c + h. What is the units digit of t?
5
Suppose -3*o = -4*x + 1244, o + 418 = -0*o - 2*x. What is the units digit of ((-52)/(-12) - 4) + o/(-3)?
9
Let p(s) = 613*s + 23. What is the units digit of p(1)?
6
Let c(l) = 2*l**2 + 2*l - 5. Let q be c(-4). Let v = q + -14. Suppose -o + 2*w + 3 = -2*o, -12 = o + v*w. What is the units digit of o?
3
Let j(u) be the second derivative of u**5/20 + 2*u**4/3 + 2*u**3/3 - 9*u. Suppose -6 = 3*x + 3. What is the tens digit of j(x)?
3
Suppose -3*r - 24 = -42. What is the units digit of (-3)/r - 158/(-4)?
9
What is the units digit of 4528 + -67 - (-1 - -1)?
1
Let g be -2*(187/2 - -4). 